{"id":24,"date":"2019-07-12T12:03:37","date_gmt":"2019-07-12T12:03:37","guid":{"rendered":"http:\/\/www.realtrading.sk\/?page_id=24"},"modified":"2020-12-02T08:46:33","modified_gmt":"2020-12-02T07:46:33","slug":"investicne-sluzby","status":"publish","type":"page","link":"https:\/\/www.realtrading.sk\/?page_id=24","title":{"rendered":"V\u00fdroba hygienick\u00fdch r\u00fa\u0161ok"},"content":{"rendered":"<p><span style=\"color: #ffffff;\"><span style=\"color: #000000;\">\u00a0<span style=\"color: #ffffff;\">&#8211; na\u0161a spolo\u010dnos\u0165 sa zaober\u00e1 v\u00fdrobou hygienick\u00fdch r\u00fa\u0161ok pre medic\u00ednske \u00fa\u010dely<\/span><\/span><br \/><span style=\"color: #000000;\"><span style=\"color: #ffffff;\">&#8211; vyroben\u00e9 s\u00fa z materi\u00e1lov ur\u010den\u00fdch pre zdravotn\u00edctvo s testom BEF99 za pr\u00edsnych hygienick\u00fdch podmienok<\/span><br \/><span style=\"color: #ffffff;\">&#8211; test materi\u00e1lu bol vykonan\u00fd v\u00fdrobcom v akreditovanom laborat\u00f3riu v Eur\u00f3pe<\/span><br \/><span style=\"color: #ffffff;\">&#8211; r\u00fa\u0161ka s\u00fa balen\u00e9 po 50ks v liekovej krabi\u010dke, tovar vieme bali\u0165 aj hermeticky do f\u00f3liov\u00e9ho obalu s dohodnut\u00fdm po\u010dtom kusov<\/span><br \/><span style=\"color: #ffffff;\">&#8211; kvalitu materi\u00e1lu r\u00fa\u0161ka ako zdravotnej pom\u00f4cky pod\u013ea normy EN 14683:2019+AC &#8211; Type II :<\/span><br \/><span style=\"color: #ffffff;\">\u00a0\u00a0 Bakteri\u00e1lna filtra\u010dn\u00e9 efektivita (%) : BEF :\u00a0 99,9%<\/span><br \/><span style=\"color: #ffffff;\">\u00a0\u00a0 Rozdiel tlaku (Pa\/cm2) : 34,2<\/span><br \/><span style=\"color: #ffffff;\">\u00a0\u00a0 Mikrobi\u00e1lna \u010distota :\u00a0 13 a\u017e 18<\/span><br \/><span style=\"color: #ffffff;\">&#8211; pre objedn\u00e1vky tovaru n\u00e1s pros\u00edm kontaktujte<\/span> <br \/><\/span><\/span><\/p>\n\n\n<div class=\"wp-block-group\"><div class=\"wp-block-group__inner-container\">\n<div class=\"wp-block-group\"><div class=\"wp-block-group__inner-container\">\n<div class=\"wp-block-group\"><div class=\"wp-block-group__inner-container\"><\/div><\/div>\n<\/div><\/div>\n<\/div><\/div>\n","protected":false},"excerpt":{"rendered":"<p>\u00a0&#8211; na\u0161a spolo\u010dnos\u0165 sa zaober\u00e1 v\u00fdrobou hygienick\u00fdch r\u00fa\u0161ok pre medic\u00ednske \u00fa\u010dely&#8211; vyroben\u00e9 s\u00fa z materi\u00e1lov ur\u010den\u00fdch pre zdravotn\u00edctvo s testom BEF99 za pr\u00edsnych hygienick\u00fdch podmienok&#8211; test materi\u00e1lu bol vykonan\u00fd v\u00fdrobcom v akreditovanom laborat\u00f3riu v Eur\u00f3pe&#8211; r\u00fa\u0161ka s\u00fa balen\u00e9 po 50ks [&hellip;]<\/p>\n","protected":false},"author":1,"featured_media":0,"parent":0,"menu_order":0,"comment_status":"closed","ping_status":"closed","template":"page-templates\/page_fullwidth.php","meta":[],"_links":{"self":[{"href":"https:\/\/www.realtrading.sk\/index.php?rest_route=\/wp\/v2\/pages\/24"}],"collection":[{"href":"https:\/\/www.realtrading.sk\/index.php?rest_route=\/wp\/v2\/pages"}],"about":[{"href":"https:\/\/www.realtrading.sk\/index.php?rest_route=\/wp\/v2\/types\/page"}],"author":[{"embeddable":true,"href":"https:\/\/www.realtrading.sk\/index.php?rest_route=\/wp\/v2\/users\/1"}],"replies":[{"embeddable":true,"href":"https:\/\/www.realtrading.sk\/index.php?rest_route=%2Fwp%2Fv2%2Fcomments&post=24"}],"version-history":[{"count":40,"href":"https:\/\/www.realtrading.sk\/index.php?rest_route=\/wp\/v2\/pages\/24\/revisions"}],"predecessor-version":[{"id":436,"href":"https:\/\/www.realtrading.sk\/index.php?rest_route=\/wp\/v2\/pages\/24\/revisions\/436"}],"wp:attachment":[{"href":"https:\/\/www.realtrading.sk\/index.php?rest_route=%2Fwp%2Fv2%2Fmedia&parent=24"}],"curies":[{"name":"wp","href":"https:\/\/api.w.org\/{rel}","templated":true}]}}