{"id":332,"date":"2019-07-15T14:49:49","date_gmt":"2019-07-15T13:49:49","guid":{"rendered":"http:\/\/www.realtrading.sk\/?page_id=332"},"modified":"2019-07-15T15:58:34","modified_gmt":"2019-07-15T14:58:34","slug":"prenajom-priestorov","status":"publish","type":"page","link":"https:\/\/www.realtrading.sk\/?page_id=332","title":{"rendered":"Pren\u00e1jom priestorov"},"content":{"rendered":"<p><a href=\"http:\/\/www.realtrading.sk\/wp-content\/uploads\/2019\/07\/IMG_20190715_155908.jpg\" target=\"_blank\" rel=\"noopener noreferrer\"><img loading=\"lazy\" class=\"alignright wp-image-338\" src=\"http:\/\/www.realtrading.sk\/wp-content\/uploads\/2019\/07\/IMG_20190715_155908-225x300.jpg\" alt=\"\" width=\"209\" height=\"279\" srcset=\"https:\/\/www.realtrading.sk\/wp-content\/uploads\/2019\/07\/IMG_20190715_155908-225x300.jpg 225w, https:\/\/www.realtrading.sk\/wp-content\/uploads\/2019\/07\/IMG_20190715_155908-768x1024.jpg 768w, https:\/\/www.realtrading.sk\/wp-content\/uploads\/2019\/07\/IMG_20190715_155908-700x933.jpg 700w, https:\/\/www.realtrading.sk\/wp-content\/uploads\/2019\/07\/IMG_20190715_155908-520x693.jpg 520w, https:\/\/www.realtrading.sk\/wp-content\/uploads\/2019\/07\/IMG_20190715_155908-360x480.jpg 360w, https:\/\/www.realtrading.sk\/wp-content\/uploads\/2019\/07\/IMG_20190715_155908-250x333.jpg 250w, https:\/\/www.realtrading.sk\/wp-content\/uploads\/2019\/07\/IMG_20190715_155908-100x133.jpg 100w, https:\/\/www.realtrading.sk\/wp-content\/uploads\/2019\/07\/IMG_20190715_155908.jpg 1488w\" sizes=\"(max-width: 209px) 100vw, 209px\" \/><\/a><\/p>\n<p><span style=\"color: #ffffff;\">&#8211; pren\u00e1jom kancel\u00e1rskych priestorov vhodn\u00fdch na podnikanie<\/span><\/p>\n<p><span style=\"color: #ffffff;\">&#8211; pren\u00e1jom \u0161koliacich priestorov vhodn\u00fdch pre kurzy, \u0161kolenia a in\u00fa eduka\u010dn\u00fa \u010dinnos\u0165<\/span><\/p>\n","protected":false},"excerpt":{"rendered":"<p>&#8211; pren\u00e1jom kancel\u00e1rskych priestorov vhodn\u00fdch na podnikanie &#8211; pren\u00e1jom \u0161koliacich priestorov vhodn\u00fdch pre kurzy, \u0161kolenia a in\u00fa eduka\u010dn\u00fa \u010dinnos\u0165<\/p>\n","protected":false},"author":1,"featured_media":0,"parent":0,"menu_order":0,"comment_status":"closed","ping_status":"closed","template":"page-templates\/page_fullwidth.php","meta":[],"_links":{"self":[{"href":"https:\/\/www.realtrading.sk\/index.php?rest_route=\/wp\/v2\/pages\/332"}],"collection":[{"href":"https:\/\/www.realtrading.sk\/index.php?rest_route=\/wp\/v2\/pages"}],"about":[{"href":"https:\/\/www.realtrading.sk\/index.php?rest_route=\/wp\/v2\/types\/page"}],"author":[{"embeddable":true,"href":"https:\/\/www.realtrading.sk\/index.php?rest_route=\/wp\/v2\/users\/1"}],"replies":[{"embeddable":true,"href":"https:\/\/www.realtrading.sk\/index.php?rest_route=%2Fwp%2Fv2%2Fcomments&post=332"}],"version-history":[{"count":9,"href":"https:\/\/www.realtrading.sk\/index.php?rest_route=\/wp\/v2\/pages\/332\/revisions"}],"predecessor-version":[{"id":362,"href":"https:\/\/www.realtrading.sk\/index.php?rest_route=\/wp\/v2\/pages\/332\/revisions\/362"}],"wp:attachment":[{"href":"https:\/\/www.realtrading.sk\/index.php?rest_route=%2Fwp%2Fv2%2Fmedia&parent=332"}],"curies":[{"name":"wp","href":"https:\/\/api.w.org\/{rel}","templated":true}]}}